8 = 14*a. Suppose 5*z + 3*w + 13 - a = 0, z - 7 = -w. What is the units digit of z?
4
Let a(k) = 6*k - 15*k - 2 - 7*k - 3*k**3 + 4*k**3 + 13*k**2. Let u(r) = -15*r**3 + r. Let o be u(1). What is the tens digit of a(o)?
2
Let x(j) = -j + 9. Suppose -4*r = -2*i - 2, 0*i = 4*r - 5*i + 13. Suppose -3*m + 4*m - 33 = 4*b, r*b + 2*m = -22. What is the units digit of x(b)?
7
Let v(t) = 7*t - 6. Let r be v(2). Let l(c) = -c**2 + 7*c + 8. Let u be l(r). Suppose -4*i + 25 + 15 = u. What is the tens digit of i?
1
Suppose -72 = 3*s - 0*s. Let c = 20 + s. Let g = c - -5. What is the units digit of g?
1
Let a be 1328/(-48)*(1 - 4). Let q = a - 25. What is the tens digit of q?
5
Suppose z + 2*z = 0. Suppose -2*i = -5*k - 11, 6 - 1 = 3*i + 4*k. What is the units digit of 2*(-3)/(z - i)?
2
Let k(a) = a**2 - 5*a + 6. Let o be k(6). Let j = 3 + o. Let c = j + -8. What is the units digit of c?
7
Let r = 143 + -125. Suppose 2*b - a - r = 0, -a = 5*b - 2*b - 17. What is the units digit of b?
7
Let o(i) = i**2 - i + 4. Let p be o(4). Suppose -p = -4*l - 40. Let f(u) = -u**2 - 7*u + 2. What is the units digit of f(l)?
8
Let f(w) = -w**2 + 23*w - 16. Let y(c) = 1. Let o(u) = f(u) - 5*y(u). What is the units digit of o(17)?
1
Suppose 2*d - 16 = 5*h + 6, 2*h + 28 = 4*d. Suppose 54 + 234 = d*g. What is the units digit of g?
8
Let z = -2 + 9. Suppose -a + 2 = z. Let j = a + 11. What is the units digit of j?
6
Let m be 58/(-348) - 1/(-6). Let g(l) = l**2 - l + 17 + l**3 + 12 + 0*l. What is the units digit of g(m)?
9
Let o = -27 + 35. Let c(y) = -y**2 - 3*y + 5*y + 6*y + o + 0*y. What is the tens digit of c(5)?
2
Suppose -4*c + 5257 = 3*g, 4*g = -0*c + c - 1319. What is the tens digit of c?
1
Let k be (1 - -2)/(-2 - -3). Suppose 0 = 4*n - 12, 3*s - 2*n - 2*n + k = 0. Suppose i - s*y = -4*i + 137, -20 = 5*y. What is the tens digit of i?
2
Let l(f) = 65*f**2 - 2*f + 1. Let p be l(1). Suppose 0 = -36*x + 40*x + p. What is the tens digit of 70 - (x/2)/(-4)?
6
Let i = 36 + -25. Let b(j) = -j**2 + 20*j - 11. What is the tens digit of b(i)?
8
Suppose -4*g + 2*g = -6. Suppose -5*l = -g*l - 4. What is the units digit of 5/(-5)*l*-14?
8
Let t be (-357)/6*(1 - 3). Let r = -64 + t. What is the units digit of r/4 + (-15)/20?
3
Suppose 0 = -202*h + 214*h - 64644. What is the hundreds digit of h?
3
Let f be 0 + 39 + 3 + -5. Let r = f + -32. Suppose -r*m + 106 = 6. What is the tens digit of m?
2
Let h(l) = -10*l**2 + 4*l + 10. Let m(v) = 19*v**2 - 7*v - 19. Let r(g) = 5*h(g) + 3*m(g). Let p be r(-4). Suppose -6*t = -41 - p. What is the tens digit of t?
2
Let i be -5*4/(-10) - 42. Let n be ((-6)/(-5))/(12/i). What is the units digit of n + -4 + (52 - -4)?
8
Let i(q) = -125*q**3 + 3*q**2 + 10*q + 40. What is the thousands digit of i(-3)?
3
Let g = 9 + -6. Suppose -8 = -3*z - 2. Suppose -4*v - 5*r + g = -5, -z*v + 5*r = -34. What is the units digit of v?
7
Let c(a) = 2*a + 23. Let k(p) = -p**2 - 4*p + 5. Let r be k(-5). Let f be c(r). Suppose -4*l + 57 = -f. What is the tens digit of l?
2
Suppose -k + 2*k = 0. Let q(v) = 8 - 33*v**2 + 33*v**2 + 3*v - 4*v + v**3. What is the units digit of q(k)?
8
Suppose -163 = 5*l - 13. Let v = -12 - l. What is the tens digit of v?
1
Let a = 380 + -201. Suppose -5*c + a = -91. What is the tens digit of c?
5
Suppose 5*x - 3*n + 116 = -156, -n - 100 = 2*x. Let i = 116 + x. What is the units digit of i?
4
Let f = -25 - -87. Suppose 4*s - 26 - f = 0. What is the units digit of s?
2
Let m be (-3)/5 + (-213)/(-5). Suppose 2*z = -4*d - m, -5*d - 2*z - 50 = -0*d. Let i(c) = 2*c**2 + 10*c + 8. What is the units digit of i(d)?
6
Suppose 3*m = 2*m - u + 213, -u - 655 = -3*m. What is the tens digit of m?
1
Let v(p) = 4*p + 79. What is the tens digit of v(-5)?
5
Let c be 1 - 6/((-12)/170). Suppose 1508 = 6*i + c. What is the tens digit of i?
3
What is the tens digit of (24178/28)/((-5)/(-35 - -5))?
8
Let b = -19 + 19. Let l(p) = -2*p**2 - p + 73. What is the units digit of l(b)?
3
Suppose 5*c - 28 = -13. Suppose -7 + 193 = c*h. What is the tens digit of h?
6
Suppose 5*h + 12 = 167. Let p(j) = -2*j - 34. Let s be p(-17). Suppose s = 2*u - 4*d - 11 - h, 4 = d. What is the units digit of u?
9
Let l = 112 + -92. Suppose -l*v - 291 = -23*v. What is the tens digit of v?
9
Let r(d) be the second derivative of d**5/20 + d**4/6 - d**3/3 - 3*d**2 + 4*d. Let a(u) be the first derivative of r(u). What is the tens digit of a(-4)?
3
Let j(t) = 45*t - 45*t + 1 - t**2 + 11*t**3. Let z be j(1). Suppose -3*l + z = -1. What is the units digit of l?
4
Suppose -4*b - 82 = b - 4*r, -4*b = 2*r + 50. Let d = -12 + -37. What is the units digit of 14/d - 46/b?
3
Let q be -10*3/((-75)/(-130)). What is the units digit of 13/(q/(-168)) - (-3)/1?
5
Suppose -9 = 3*i + 6. What is the units digit of (-6)/(-2) + 113 + i?
1
Let v(s) = 9*s**2 - 10*s**2 + 3*s - 4 + 3 + 2. Let o be v(3). What is the units digit of (20 - (-2)/o)/1?
2
Let o(s) = 45*s**2 + 2*s. Let y be o(-1). Suppose -5*a + 20 = v, -3*a + 9 - y = -4*v. Suppose 0*d + 5 = -5*d + 5*l, 2*l = v. What is the units digit of d?
4
Suppose 8120 = 12*y + 2504. What is the hundreds digit of y?
4
Let g(i) = -i**3 - 14*i**2 + 7*i + 38. Let y(j) = 2*j**3 + 13*j**2 - 8*j - 39. Let v(l) = 3*g(l) + 2*y(l). What is the hundreds digit of v(16)?
1
Suppose -5*b = 3*r + 413, -2*r - r - 243 = 3*b. What is the units digit of (b/4)/(1/(-4))?
5
Let p(r) = 3*r - 1. Let w be p(1). Suppose -w*q + 136 = -108. What is the units digit of q?
2
Let z(d) = -22*d + 133. What is the units digit of z(6)?
1
Let z(b) = -91*b**3 - 5*b**2 + 22. What is the units digit of z(-3)?
4
Suppose 2*d - 396 = -3*a + 1564, 2*d - 1980 = 2*a. Let q be d/12 - 1/6. Suppose -2*s - 4*h = -q, h = 3*h. What is the units digit of s?
1
Let g = -2 + 10. Suppose 3*h - 4 = g. Suppose -70 = 3*z - h*z. What is the tens digit of z?
7
Suppose 15*w + 112 = 8*w. What is the units digit of 4/16 + (-1164)/w?
3
Suppose 652 = 4*x - 64. Suppose 5*g + x = 644. What is the units digit of g?
3
Let p be (2*-3)/2 - -7. Suppose -345 = -3*s - 5*m, p*s + 4*m + 157 - 625 = 0. What is the tens digit of s?
2
Let l be (-171 - 3)*(-1)/3. Let u(i) = i**3 + 9*i**2 + 5*i + 12. Let s be u(-8). Let f = l - s. What is the units digit of f?
2
Suppose -5*g + 9*g - 524 = 0. Let w = -5 + g. What is the hundreds digit of w?
1
Let k = 1429 - 845. What is the tens digit of k?
8
Suppose -5180 = -4*s - 4*o, 3*s = -50*o + 53*o + 3915. What is the tens digit of s?
0
Let c(n) = -4*n**2 - 2*n. Let u = 1 - 2. Let y(w) = 1. Let t(o) = u*c(o) - 2*y(o). What is the units digit of t(2)?
8
Let a(t) = t**3 - t**2 + t + 43. Let g(z) = z**2 - 14. Let v be g(6). Let i = v + -22. What is the units digit of a(i)?
3
Suppose 5*h - 2*h = -2*v - 9, 2*h - 5 = -5*v. What is the tens digit of (-8)/v*(-165)/5?
8
Let s be (136/20)/(4/10). Let u(l) = -s*l + 14*l - 8*l - 9*l. What is the units digit of u(-3)?
0
Let p be 0/(-6 + 2) + 2. Suppose -2*n = -5*u - 0*u + 269, -5*n - 95 = -p*u. What is the tens digit of u?
5
Let z(j) = j**2 - 7*j - 28. Suppose -30*v - 39 = -33*v. What is the tens digit of z(v)?
5
Let t(i) = -i. Let b be t(0). Suppose -4*a + 12 = -b*a. What is the tens digit of -1 + 3 - (a + -15)?
1
Let o(z) be the first derivative of -z**2/2 + 5*z + 1. Let p be (2/3)/((-8)/60). What is the tens digit of o(p)?
1
Let r(j) = j - 14. Let z(u) = -9. Let g(h) = 8. Let o(f) = -4*g(f) - 3*z(f). Let x(t) = -8*o(t) + 3*r(t). What is the units digit of x(1)?
1
Let c be (4 - 27/6)*170. What is the tens digit of ((-12)/(-30))/((-2)/c)?
1
Let s = -32 - -47. Let h = 78 - s. What is the units digit of h?
3
Suppose 0 = -2*c + 2*v + 96, -4*v + 179 = c + 2*c. Let p be (-6)/(-4) - 3/(-6). Suppose c = p*u - 15. What is the units digit of u?
4
Suppose -2*z + 2*d - 14 = 0, 3*z - 4*d = -0 - 25. What is the hundreds digit of (18/(-8))/z + 1226/8?
1
Suppose 4*g - 66 = 38. Suppose g = -2*c + 4. Let p = -9 - c. What is the units digit of p?
2
Suppose -321 = -2*t + 391. What is the units digit of t?
6
Let t = 0 + 15. Suppose 4*b - 1 = t. Suppose -h - 12 - 24 = -s, -b*s + 149 = h. What is the units digit of s?
7
Let h be (-3)/6*0 + 10. Suppose -i - 116 = -c, 3*c - 348 = -6*i + h*i. What is the units digit of c?
6
Suppose b + 38 = -3*w - 13, 4*b = -5*w - 78. What is the units digit of (-817)/